{"id":4058,"date":"2022-02-15T16:55:50","date_gmt":"2022-02-15T16:55:50","guid":{"rendered":"http:\/\/bergeriedelasouleuvre.fr\/?page_id=4058"},"modified":"2022-02-25T07:45:47","modified_gmt":"2022-02-25T07:45:47","slug":"vente-a-la-ferme-circuits-courts","status":"publish","type":"page","link":"http:\/\/bergeriedelasouleuvre.fr\/index.php\/vente-a-la-ferme-circuits-courts\/","title":{"rendered":"Vente \u00e0 la ferme"},"content":{"rendered":"\n<p>Soucieux de privil\u00e9gier les circuits-courts, nous vendons \u00e0 la ferme mais \u00e9galement dans les magasins de producteurs partenaires.<\/p>\n\n\n\n<div class=\"wp-block-media-text alignwide has-media-on-the-right is-stacked-on-mobile is-vertically-aligned-center has-background\" style=\"background-color:#f1f5c7\"><figure class=\"wp-block-media-text__media\"><img loading=\"lazy\" decoding=\"async\" width=\"960\" height=\"720\" src=\"http:\/\/bergeriedelasouleuvre.fr\/wp-content\/uploads\/2022\/02\/124073646_1080398569073489_6614397148549399699_n-1.jpg\" alt=\"magasin bergerie de la Souleuvre vente produits au lait de brebis vente directe circuits courts\" class=\"wp-image-4145 size-full\" srcset=\"http:\/\/bergeriedelasouleuvre.fr\/wp-content\/uploads\/2022\/02\/124073646_1080398569073489_6614397148549399699_n-1.jpg 960w, http:\/\/bergeriedelasouleuvre.fr\/wp-content\/uploads\/2022\/02\/124073646_1080398569073489_6614397148549399699_n-1-300x225.jpg 300w, http:\/\/bergeriedelasouleuvre.fr\/wp-content\/uploads\/2022\/02\/124073646_1080398569073489_6614397148549399699_n-1-768x576.jpg 768w, http:\/\/bergeriedelasouleuvre.fr\/wp-content\/uploads\/2022\/02\/124073646_1080398569073489_6614397148549399699_n-1-80x60.jpg 80w, http:\/\/bergeriedelasouleuvre.fr\/wp-content\/uploads\/2022\/02\/124073646_1080398569073489_6614397148549399699_n-1-600x450.jpg 600w\" sizes=\"auto, (max-width: 960px) 100vw, 960px\" \/><\/figure><div class=\"wp-block-media-text__content\">\n<div class=\"wp-block-group\" style=\"padding-top:2em;padding-right:2em;padding-bottom:2em;padding-left:2em\"><div class=\"wp-block-group__inner-container is-layout-flow wp-block-group-is-layout-flow\">\n<p style=\"font-size:36px;line-height:1.2\"><strong>A la <a href=\"http:\/\/bergeriedelasouleuvre.fr\/index.php\/contact\/\" target=\"_blank\" rel=\"noreferrer noopener\">fromagerie<\/a><\/strong><\/p>\n\n\n\n<p>Nous vous accueillons chaque vendredi de 17h30 \u00e0 19h00 \u00e0 <a href=\"https:\/\/www.google.com\/maps\/place\/Bergerie+de+la+Souleuvre\/@48.9365979,-0.8627174,17z\/data=!3m1!4b1!4m5!3m4!1s0x480bcf60a36b8e05:0x56a6c145bd28b318!8m2!3d48.9366008!4d-0.8605301?hl=fr\" target=\"_blank\" rel=\"noreferrer noopener\">Carville<\/a><\/p>\n<\/div><\/div>\n<\/div><\/div>\n\n\n\n<hr class=\"wp-block-separator is-style-default\"\/>\n\n\n\n<div class=\"wp-block-media-text alignwide is-stacked-on-mobile is-vertically-aligned-center has-background\" style=\"background-color:#fffdea;grid-template-columns:39% auto\"><figure class=\"wp-block-media-text__media\"><a href=\"https:\/\/www.lafermeduval.com\/\"><img loading=\"lazy\" decoding=\"async\" width=\"960\" height=\"720\" src=\"http:\/\/bergeriedelasouleuvre.fr\/wp-content\/uploads\/2022\/02\/127808286_1681224975378548_4618354973645060992_n.jpg\" alt=\"magasin ferme duval  vente directe circuits courts amay\u00e9 sur Orne\" class=\"wp-image-4172 size-full\" srcset=\"http:\/\/bergeriedelasouleuvre.fr\/wp-content\/uploads\/2022\/02\/127808286_1681224975378548_4618354973645060992_n.jpg 960w, http:\/\/bergeriedelasouleuvre.fr\/wp-content\/uploads\/2022\/02\/127808286_1681224975378548_4618354973645060992_n-300x225.jpg 300w, http:\/\/bergeriedelasouleuvre.fr\/wp-content\/uploads\/2022\/02\/127808286_1681224975378548_4618354973645060992_n-768x576.jpg 768w, http:\/\/bergeriedelasouleuvre.fr\/wp-content\/uploads\/2022\/02\/127808286_1681224975378548_4618354973645060992_n-80x60.jpg 80w, http:\/\/bergeriedelasouleuvre.fr\/wp-content\/uploads\/2022\/02\/127808286_1681224975378548_4618354973645060992_n-600x450.jpg 600w\" sizes=\"auto, (max-width: 960px) 100vw, 960px\" \/><\/a><\/figure><div class=\"wp-block-media-text__content\">\n<div class=\"wp-block-group\" style=\"padding-top:2em;padding-right:2em;padding-bottom:2em;padding-left:2em\"><div class=\"wp-block-group__inner-container is-layout-flow wp-block-group-is-layout-flow\">\n<p style=\"font-size:36px;line-height:1.2\"><strong>La Ferme Duval \u00e0 Amay\u00e9-sur-Orne.<\/strong><\/p>\n\n\n\n<p>Le magasin est ouvert le vendredi de 16h30 \u00e0 19h<\/p>\n<\/div><\/div>\n<\/div><\/div>\n\n\n\n<hr class=\"wp-block-separator\"\/>\n\n\n\n<div class=\"wp-block-media-text alignwide has-media-on-the-right is-stacked-on-mobile is-vertically-aligned-center has-background\" style=\"background-color:#f1f5c7\"><figure class=\"wp-block-media-text__media\"><a href=\"https:\/\/www.normandiealaferme.com\/normandie\/calvados\/douville-en-auge\/ferme\/ferme-de-l-oraille\/377830\"><img loading=\"lazy\" decoding=\"async\" width=\"339\" height=\"254\" src=\"http:\/\/bergeriedelasouleuvre.fr\/wp-content\/uploads\/2022\/02\/dsc00586.jpg\" alt=\"magasin ferme de l'Oraille Douville en Auge vente directe circuits courts\" class=\"wp-image-4165 size-full\" srcset=\"http:\/\/bergeriedelasouleuvre.fr\/wp-content\/uploads\/2022\/02\/dsc00586.jpg 339w, http:\/\/bergeriedelasouleuvre.fr\/wp-content\/uploads\/2022\/02\/dsc00586-300x225.jpg 300w, http:\/\/bergeriedelasouleuvre.fr\/wp-content\/uploads\/2022\/02\/dsc00586-80x60.jpg 80w\" sizes=\"auto, (max-width: 339px) 100vw, 339px\" \/><\/a><\/figure><div class=\"wp-block-media-text__content\">\n<div class=\"wp-block-group\" style=\"padding-top:2em;padding-right:2em;padding-bottom:2em;padding-left:2em\"><div class=\"wp-block-group__inner-container is-layout-flow wp-block-group-is-layout-flow\">\n<p style=\"font-size:36px;line-height:1.2\"><strong>La ferme de l&rsquo;Oraille \u00e0 Douville-en-Auge.<\/strong><\/p>\n\n\n\n<p>Le magasin est ouvert le mercredi et le vendredi de 16h \u00e0 19h.<\/p>\n<\/div><\/div>\n<\/div><\/div>\n\n\n\n<hr class=\"wp-block-separator\"\/>\n\n\n\n<div class=\"wp-block-media-text alignwide is-stacked-on-mobile is-vertically-aligned-center has-background\" style=\"background-color:#fffdea\"><figure class=\"wp-block-media-text__media\"><a href=\"https:\/\/www.normandiealaferme.com\/normandie\/calvados\/demouville\/ferme\/la-ronde-des-legumes\/217801\"><img loading=\"lazy\" decoding=\"async\" width=\"1024\" height=\"683\" src=\"http:\/\/bergeriedelasouleuvre.fr\/wp-content\/uploads\/2022\/02\/23275728_1498099343606911_5670944123285159571_o-1024x683.jpg\" alt=\"Magasin Earl Desclos Ronde des l\u00e9gumes d\u00e9mouville vente directe circuits courts\" class=\"wp-image-4167 size-full\" srcset=\"http:\/\/bergeriedelasouleuvre.fr\/wp-content\/uploads\/2022\/02\/23275728_1498099343606911_5670944123285159571_o-1024x683.jpg 1024w, http:\/\/bergeriedelasouleuvre.fr\/wp-content\/uploads\/2022\/02\/23275728_1498099343606911_5670944123285159571_o-300x200.jpg 300w, http:\/\/bergeriedelasouleuvre.fr\/wp-content\/uploads\/2022\/02\/23275728_1498099343606911_5670944123285159571_o-768x512.jpg 768w, http:\/\/bergeriedelasouleuvre.fr\/wp-content\/uploads\/2022\/02\/23275728_1498099343606911_5670944123285159571_o-1536x1024.jpg 1536w, http:\/\/bergeriedelasouleuvre.fr\/wp-content\/uploads\/2022\/02\/23275728_1498099343606911_5670944123285159571_o-90x60.jpg 90w, http:\/\/bergeriedelasouleuvre.fr\/wp-content\/uploads\/2022\/02\/23275728_1498099343606911_5670944123285159571_o-420x280.jpg 420w, http:\/\/bergeriedelasouleuvre.fr\/wp-content\/uploads\/2022\/02\/23275728_1498099343606911_5670944123285159571_o-600x400.jpg 600w, http:\/\/bergeriedelasouleuvre.fr\/wp-content\/uploads\/2022\/02\/23275728_1498099343606911_5670944123285159571_o.jpg 2048w\" sizes=\"auto, (max-width: 1024px) 100vw, 1024px\" \/><\/a><\/figure><div class=\"wp-block-media-text__content\">\n<div class=\"wp-block-group\" style=\"padding-top:2em;padding-right:2em;padding-bottom:2em;padding-left:2em\"><div class=\"wp-block-group__inner-container is-layout-flow wp-block-group-is-layout-flow\">\n<p style=\"font-size:36px;line-height:1.2\"><strong>La Ronde des l\u00e9gumes \u00e0 D\u00e9mouville<\/strong><\/p>\n\n\n\n<p class=\"has-extra-small-font-size\">Le magasin est ouvert le mercredi de 16h30 \u00e0 18h30 et le vendredi de 16h30 \u00e0 19h30<\/p>\n<\/div><\/div>\n<\/div><\/div>\n","protected":false},"excerpt":{"rendered":"<p>Soucieux de privil\u00e9gier les circuits-courts, nous vendons \u00e0 la ferme mais \u00e9galement dans les magasins de producteurs partenaires.<\/p>\n","protected":false},"author":1,"featured_media":0,"parent":0,"menu_order":0,"comment_status":"open","ping_status":"closed","template":"","meta":{"om_disable_all_campaigns":false,"_uag_custom_page_level_css":"","_monsterinsights_skip_tracking":false,"_monsterinsights_sitenote_active":false,"_monsterinsights_sitenote_note":"","_monsterinsights_sitenote_category":0,"footnotes":""},"class_list":["post-4058","page","type-page","status-publish","hentry","latest_post"],"yoast_head":"<!-- This site is optimized with the Yoast SEO plugin v27.3 - https:\/\/yoast.com\/product\/yoast-seo-wordpress\/ -->\n<title>Vente \u00e0 la ferme - Bergerie de la Souleuvre<\/title>\n<meta name=\"description\" content=\"Vente \u00e0 la ferme circuits courts dans notre fromagerie de Carville Bergerie de la souleuvre et chez des producteurs partenaires\" \/>\n<meta name=\"robots\" content=\"index, follow, max-snippet:-1, max-image-preview:large, max-video-preview:-1\" \/>\n<link rel=\"canonical\" href=\"http:\/\/bergeriedelasouleuvre.fr\/index.php\/vente-a-la-ferme-circuits-courts\/\" \/>\n<meta property=\"og:locale\" content=\"fr_FR\" \/>\n<meta property=\"og:type\" content=\"article\" \/>\n<meta property=\"og:title\" content=\"Vente \u00e0 la ferme - Bergerie de la Souleuvre\" \/>\n<meta property=\"og:description\" content=\"Vente \u00e0 la ferme circuits courts dans notre fromagerie de Carville Bergerie de la souleuvre et chez des producteurs partenaires\" \/>\n<meta property=\"og:url\" content=\"http:\/\/bergeriedelasouleuvre.fr\/index.php\/vente-a-la-ferme-circuits-courts\/\" \/>\n<meta property=\"og:site_name\" content=\"Bergerie de la Souleuvre\" \/>\n<meta property=\"article:modified_time\" content=\"2022-02-25T07:45:47+00:00\" \/>\n<meta property=\"og:image\" content=\"http:\/\/bergeriedelasouleuvre.fr\/wp-content\/uploads\/2022\/02\/124073646_1080398569073489_6614397148549399699_n-1.jpg\" \/>\n<meta name=\"twitter:card\" content=\"summary_large_image\" \/>\n<meta name=\"twitter:label1\" content=\"Dur\u00e9e de lecture estim\u00e9e\" \/>\n\t<meta name=\"twitter:data1\" content=\"2 minutes\" \/>\n<script type=\"application\/ld+json\" class=\"yoast-schema-graph\">{\"@context\":\"https:\\\/\\\/schema.org\",\"@graph\":[{\"@type\":\"WebPage\",\"@id\":\"http:\\\/\\\/bergeriedelasouleuvre.fr\\\/index.php\\\/vente-a-la-ferme-circuits-courts\\\/\",\"url\":\"http:\\\/\\\/bergeriedelasouleuvre.fr\\\/index.php\\\/vente-a-la-ferme-circuits-courts\\\/\",\"name\":\"Vente \u00e0 la ferme - Bergerie de la Souleuvre\",\"isPartOf\":{\"@id\":\"http:\\\/\\\/bergeriedelasouleuvre.fr\\\/#website\"},\"primaryImageOfPage\":{\"@id\":\"http:\\\/\\\/bergeriedelasouleuvre.fr\\\/index.php\\\/vente-a-la-ferme-circuits-courts\\\/#primaryimage\"},\"image\":{\"@id\":\"http:\\\/\\\/bergeriedelasouleuvre.fr\\\/index.php\\\/vente-a-la-ferme-circuits-courts\\\/#primaryimage\"},\"thumbnailUrl\":\"http:\\\/\\\/bergeriedelasouleuvre.fr\\\/wp-content\\\/uploads\\\/2022\\\/02\\\/124073646_1080398569073489_6614397148549399699_n-1.jpg\",\"datePublished\":\"2022-02-15T16:55:50+00:00\",\"dateModified\":\"2022-02-25T07:45:47+00:00\",\"description\":\"Vente \u00e0 la ferme circuits courts dans notre fromagerie de Carville Bergerie de la souleuvre et chez des producteurs partenaires\",\"breadcrumb\":{\"@id\":\"http:\\\/\\\/bergeriedelasouleuvre.fr\\\/index.php\\\/vente-a-la-ferme-circuits-courts\\\/#breadcrumb\"},\"inLanguage\":\"fr-FR\",\"potentialAction\":[{\"@type\":\"ReadAction\",\"target\":[\"http:\\\/\\\/bergeriedelasouleuvre.fr\\\/index.php\\\/vente-a-la-ferme-circuits-courts\\\/\"]}]},{\"@type\":\"ImageObject\",\"inLanguage\":\"fr-FR\",\"@id\":\"http:\\\/\\\/bergeriedelasouleuvre.fr\\\/index.php\\\/vente-a-la-ferme-circuits-courts\\\/#primaryimage\",\"url\":\"http:\\\/\\\/bergeriedelasouleuvre.fr\\\/wp-content\\\/uploads\\\/2022\\\/02\\\/124073646_1080398569073489_6614397148549399699_n-1.jpg\",\"contentUrl\":\"http:\\\/\\\/bergeriedelasouleuvre.fr\\\/wp-content\\\/uploads\\\/2022\\\/02\\\/124073646_1080398569073489_6614397148549399699_n-1.jpg\",\"width\":960,\"height\":720},{\"@type\":\"BreadcrumbList\",\"@id\":\"http:\\\/\\\/bergeriedelasouleuvre.fr\\\/index.php\\\/vente-a-la-ferme-circuits-courts\\\/#breadcrumb\",\"itemListElement\":[{\"@type\":\"ListItem\",\"position\":1,\"name\":\"Accueil\",\"item\":\"http:\\\/\\\/bergeriedelasouleuvre.fr\\\/\"},{\"@type\":\"ListItem\",\"position\":2,\"name\":\"Vente \u00e0 la ferme\"}]},{\"@type\":\"WebSite\",\"@id\":\"http:\\\/\\\/bergeriedelasouleuvre.fr\\\/#website\",\"url\":\"http:\\\/\\\/bergeriedelasouleuvre.fr\\\/\",\"name\":\"Bergerie de la Souleuvre\",\"description\":\"Produits fermiers au lait de brebis\",\"publisher\":{\"@id\":\"http:\\\/\\\/bergeriedelasouleuvre.fr\\\/#organization\"},\"potentialAction\":[{\"@type\":\"SearchAction\",\"target\":{\"@type\":\"EntryPoint\",\"urlTemplate\":\"http:\\\/\\\/bergeriedelasouleuvre.fr\\\/?s={search_term_string}\"},\"query-input\":{\"@type\":\"PropertyValueSpecification\",\"valueRequired\":true,\"valueName\":\"search_term_string\"}}],\"inLanguage\":\"fr-FR\"},{\"@type\":\"Organization\",\"@id\":\"http:\\\/\\\/bergeriedelasouleuvre.fr\\\/#organization\",\"name\":\"Bergerie de la Souleuvre\",\"url\":\"http:\\\/\\\/bergeriedelasouleuvre.fr\\\/\",\"logo\":{\"@type\":\"ImageObject\",\"inLanguage\":\"fr-FR\",\"@id\":\"http:\\\/\\\/bergeriedelasouleuvre.fr\\\/#\\\/schema\\\/logo\\\/image\\\/\",\"url\":\"http:\\\/\\\/bergeriedelasouleuvre.fr\\\/wp-content\\\/uploads\\\/2022\\\/02\\\/cropped-cropped-logoPNG.png\",\"contentUrl\":\"http:\\\/\\\/bergeriedelasouleuvre.fr\\\/wp-content\\\/uploads\\\/2022\\\/02\\\/cropped-cropped-logoPNG.png\",\"width\":512,\"height\":512,\"caption\":\"Bergerie de la Souleuvre\"},\"image\":{\"@id\":\"http:\\\/\\\/bergeriedelasouleuvre.fr\\\/#\\\/schema\\\/logo\\\/image\\\/\"}}]}<\/script>\n<!-- \/ Yoast SEO plugin. -->","yoast_head_json":{"title":"Vente \u00e0 la ferme - Bergerie de la Souleuvre","description":"Vente \u00e0 la ferme circuits courts dans notre fromagerie de Carville Bergerie de la souleuvre et chez des producteurs partenaires","robots":{"index":"index","follow":"follow","max-snippet":"max-snippet:-1","max-image-preview":"max-image-preview:large","max-video-preview":"max-video-preview:-1"},"canonical":"http:\/\/bergeriedelasouleuvre.fr\/index.php\/vente-a-la-ferme-circuits-courts\/","og_locale":"fr_FR","og_type":"article","og_title":"Vente \u00e0 la ferme - Bergerie de la Souleuvre","og_description":"Vente \u00e0 la ferme circuits courts dans notre fromagerie de Carville Bergerie de la souleuvre et chez des producteurs partenaires","og_url":"http:\/\/bergeriedelasouleuvre.fr\/index.php\/vente-a-la-ferme-circuits-courts\/","og_site_name":"Bergerie de la Souleuvre","article_modified_time":"2022-02-25T07:45:47+00:00","og_image":[{"url":"http:\/\/bergeriedelasouleuvre.fr\/wp-content\/uploads\/2022\/02\/124073646_1080398569073489_6614397148549399699_n-1.jpg","type":"","width":"","height":""}],"twitter_card":"summary_large_image","twitter_misc":{"Dur\u00e9e de lecture estim\u00e9e":"2 minutes"},"schema":{"@context":"https:\/\/schema.org","@graph":[{"@type":"WebPage","@id":"http:\/\/bergeriedelasouleuvre.fr\/index.php\/vente-a-la-ferme-circuits-courts\/","url":"http:\/\/bergeriedelasouleuvre.fr\/index.php\/vente-a-la-ferme-circuits-courts\/","name":"Vente \u00e0 la ferme - Bergerie de la Souleuvre","isPartOf":{"@id":"http:\/\/bergeriedelasouleuvre.fr\/#website"},"primaryImageOfPage":{"@id":"http:\/\/bergeriedelasouleuvre.fr\/index.php\/vente-a-la-ferme-circuits-courts\/#primaryimage"},"image":{"@id":"http:\/\/bergeriedelasouleuvre.fr\/index.php\/vente-a-la-ferme-circuits-courts\/#primaryimage"},"thumbnailUrl":"http:\/\/bergeriedelasouleuvre.fr\/wp-content\/uploads\/2022\/02\/124073646_1080398569073489_6614397148549399699_n-1.jpg","datePublished":"2022-02-15T16:55:50+00:00","dateModified":"2022-02-25T07:45:47+00:00","description":"Vente \u00e0 la ferme circuits courts dans notre fromagerie de Carville Bergerie de la souleuvre et chez des producteurs partenaires","breadcrumb":{"@id":"http:\/\/bergeriedelasouleuvre.fr\/index.php\/vente-a-la-ferme-circuits-courts\/#breadcrumb"},"inLanguage":"fr-FR","potentialAction":[{"@type":"ReadAction","target":["http:\/\/bergeriedelasouleuvre.fr\/index.php\/vente-a-la-ferme-circuits-courts\/"]}]},{"@type":"ImageObject","inLanguage":"fr-FR","@id":"http:\/\/bergeriedelasouleuvre.fr\/index.php\/vente-a-la-ferme-circuits-courts\/#primaryimage","url":"http:\/\/bergeriedelasouleuvre.fr\/wp-content\/uploads\/2022\/02\/124073646_1080398569073489_6614397148549399699_n-1.jpg","contentUrl":"http:\/\/bergeriedelasouleuvre.fr\/wp-content\/uploads\/2022\/02\/124073646_1080398569073489_6614397148549399699_n-1.jpg","width":960,"height":720},{"@type":"BreadcrumbList","@id":"http:\/\/bergeriedelasouleuvre.fr\/index.php\/vente-a-la-ferme-circuits-courts\/#breadcrumb","itemListElement":[{"@type":"ListItem","position":1,"name":"Accueil","item":"http:\/\/bergeriedelasouleuvre.fr\/"},{"@type":"ListItem","position":2,"name":"Vente \u00e0 la ferme"}]},{"@type":"WebSite","@id":"http:\/\/bergeriedelasouleuvre.fr\/#website","url":"http:\/\/bergeriedelasouleuvre.fr\/","name":"Bergerie de la Souleuvre","description":"Produits fermiers au lait de brebis","publisher":{"@id":"http:\/\/bergeriedelasouleuvre.fr\/#organization"},"potentialAction":[{"@type":"SearchAction","target":{"@type":"EntryPoint","urlTemplate":"http:\/\/bergeriedelasouleuvre.fr\/?s={search_term_string}"},"query-input":{"@type":"PropertyValueSpecification","valueRequired":true,"valueName":"search_term_string"}}],"inLanguage":"fr-FR"},{"@type":"Organization","@id":"http:\/\/bergeriedelasouleuvre.fr\/#organization","name":"Bergerie de la Souleuvre","url":"http:\/\/bergeriedelasouleuvre.fr\/","logo":{"@type":"ImageObject","inLanguage":"fr-FR","@id":"http:\/\/bergeriedelasouleuvre.fr\/#\/schema\/logo\/image\/","url":"http:\/\/bergeriedelasouleuvre.fr\/wp-content\/uploads\/2022\/02\/cropped-cropped-logoPNG.png","contentUrl":"http:\/\/bergeriedelasouleuvre.fr\/wp-content\/uploads\/2022\/02\/cropped-cropped-logoPNG.png","width":512,"height":512,"caption":"Bergerie de la Souleuvre"},"image":{"@id":"http:\/\/bergeriedelasouleuvre.fr\/#\/schema\/logo\/image\/"}}]}},"uagb_featured_image_src":{"full":false,"thumbnail":false,"medium":false,"medium_large":false,"large":false,"1536x1536":false,"2048x2048":false,"chic-lite-schema":false,"chic-lite-slider":false,"chic-lite-slider-one":false,"chic-lite-featured-four":false,"chic-lite-blog":false,"chic-lite-latest":false,"chic-lite-blog-one":false,"chic-lite-sidebar":false,"woocommerce_thumbnail":false,"woocommerce_single":false,"woocommerce_gallery_thumbnail":false},"uagb_author_info":{"display_name":"bergeriedelasouleuvre@gmail.com","author_link":"http:\/\/bergeriedelasouleuvre.fr\/index.php\/author\/bergeriedelasouleuvregmail-com\/"},"uagb_comment_info":0,"uagb_excerpt":"Soucieux de privil\u00e9gier les circuits-courts, nous vendons \u00e0 la ferme mais \u00e9galement dans les magasins de producteurs partenaires.","_links":{"self":[{"href":"http:\/\/bergeriedelasouleuvre.fr\/index.php\/wp-json\/wp\/v2\/pages\/4058","targetHints":{"allow":["GET"]}}],"collection":[{"href":"http:\/\/bergeriedelasouleuvre.fr\/index.php\/wp-json\/wp\/v2\/pages"}],"about":[{"href":"http:\/\/bergeriedelasouleuvre.fr\/index.php\/wp-json\/wp\/v2\/types\/page"}],"author":[{"embeddable":true,"href":"http:\/\/bergeriedelasouleuvre.fr\/index.php\/wp-json\/wp\/v2\/users\/1"}],"replies":[{"embeddable":true,"href":"http:\/\/bergeriedelasouleuvre.fr\/index.php\/wp-json\/wp\/v2\/comments?post=4058"}],"version-history":[{"count":24,"href":"http:\/\/bergeriedelasouleuvre.fr\/index.php\/wp-json\/wp\/v2\/pages\/4058\/revisions"}],"predecessor-version":[{"id":4398,"href":"http:\/\/bergeriedelasouleuvre.fr\/index.php\/wp-json\/wp\/v2\/pages\/4058\/revisions\/4398"}],"wp:attachment":[{"href":"http:\/\/bergeriedelasouleuvre.fr\/index.php\/wp-json\/wp\/v2\/media?parent=4058"}],"curies":[{"name":"wp","href":"https:\/\/api.w.org\/{rel}","templated":true}]}}