{"id":3990,"date":"2022-02-15T13:33:08","date_gmt":"2022-02-15T13:33:08","guid":{"rendered":"http:\/\/bergeriedelasouleuvre.fr\/?page_id=3990"},"modified":"2024-02-04T13:10:31","modified_gmt":"2024-02-04T13:10:31","slug":"nos-points-de-vente","status":"publish","type":"page","link":"http:\/\/bergeriedelasouleuvre.fr\/index.php\/nos-points-de-vente\/","title":{"rendered":"Nos points de vente"},"content":{"rendered":"\n<div class=\"wp-block-media-text alignwide is-stacked-on-mobile\" style=\"grid-template-columns:36% auto\"><figure class=\"wp-block-media-text__media\"><img loading=\"lazy\" decoding=\"async\" width=\"1024\" height=\"778\" src=\"http:\/\/bergeriedelasouleuvre.fr\/wp-content\/uploads\/2022\/02\/sans-titre-10-1024x778.jpg\" alt=\"\" class=\"wp-image-4141 size-full\" srcset=\"http:\/\/bergeriedelasouleuvre.fr\/wp-content\/uploads\/2022\/02\/sans-titre-10-1024x778.jpg 1024w, http:\/\/bergeriedelasouleuvre.fr\/wp-content\/uploads\/2022\/02\/sans-titre-10-300x228.jpg 300w, http:\/\/bergeriedelasouleuvre.fr\/wp-content\/uploads\/2022\/02\/sans-titre-10-768x583.jpg 768w, http:\/\/bergeriedelasouleuvre.fr\/wp-content\/uploads\/2022\/02\/sans-titre-10-1536x1166.jpg 1536w, http:\/\/bergeriedelasouleuvre.fr\/wp-content\/uploads\/2022\/02\/sans-titre-10-2048x1555.jpg 2048w, http:\/\/bergeriedelasouleuvre.fr\/wp-content\/uploads\/2022\/02\/sans-titre-10-79x60.jpg 79w, http:\/\/bergeriedelasouleuvre.fr\/wp-content\/uploads\/2022\/02\/sans-titre-10-600x456.jpg 600w\" sizes=\"auto, (max-width: 1024px) 100vw, 1024px\" \/><\/figure><div class=\"wp-block-media-text__content\">\n<p class=\"has-drop-cap has-text-align-left has-black-color has-white-background-color has-text-color has-background has-medium-font-size\">Nous privil\u00e8gions essentiellement les circuits-courts pour distribuer nos produits. Vous pouvez nous retrouver \u00e0 la ferme, sur quelques march\u00e9s de la r\u00e9gion, en \u00e9piceries de producteurs&#8230;. <\/p>\n<\/div><\/div>\n\n\n\n<figure class=\"wp-block-image size-full\"><a href=\"https:\/\/www.google.com\/maps\/d\/viewer?mid=145oioRO7S880YP0M9xhNflhUmx9DWOqR&amp;hl=fr&amp;usp=sharing\"><img loading=\"lazy\" decoding=\"async\" width=\"943\" height=\"710\" src=\"http:\/\/bergeriedelasouleuvre.fr\/wp-content\/uploads\/2024\/02\/PDV.png\" alt=\"\" class=\"wp-image-4614\" srcset=\"http:\/\/bergeriedelasouleuvre.fr\/wp-content\/uploads\/2024\/02\/PDV.png 943w, http:\/\/bergeriedelasouleuvre.fr\/wp-content\/uploads\/2024\/02\/PDV-300x226.png 300w, http:\/\/bergeriedelasouleuvre.fr\/wp-content\/uploads\/2024\/02\/PDV-768x578.png 768w, http:\/\/bergeriedelasouleuvre.fr\/wp-content\/uploads\/2024\/02\/PDV-80x60.png 80w, http:\/\/bergeriedelasouleuvre.fr\/wp-content\/uploads\/2024\/02\/PDV-600x452.png 600w\" sizes=\"auto, (max-width: 943px) 100vw, 943px\" \/><\/a><\/figure>\n\n\n\n<p>N&rsquo;h\u00e9sitez pas \u00e0 vous rendre sur notre <a href=\"https:\/\/www.google.com\/maps\/d\/u\/1\/viewer?mid=145oioRO7S880YP0M9xhNflhUmx9DWOqR&amp;hl=fr&amp;ll=49.13213002589837%2C-0.8414796316406381&amp;z=9\" target=\"_blank\" rel=\"noreferrer noopener\">carte<\/a> afin de trouver les points de distribution les plus proche de votre domicile.<\/p>\n\n\n\n<section class=\"wp-block-uagb-columns uagb-columns__wrap uagb-columns__background-color uagb-columns__stack-mobile uagb-columns__valign-center uagb-columns__gap-0 alignwide uagb-block-d13dfad0 uagb-columns__columns-4 uagb-columns__max_width-custom\"><div class=\"uagb-columns__overlay\"><\/div><div class=\"uagb-columns__inner-wrap uagb-columns__columns-4\">\n<div class=\"wp-block-uagb-column uagb-column__wrap uagb-column__background-undefined uagb-block-a3b240ae\"><div class=\"uagb-column__overlay\"><\/div>\n<p class=\"has-text-align-center\" style=\"font-size:15px\"><a href=\"http:\/\/bergeriedelasouleuvre.fr\/index.php\/vente-a-la-ferme-circuits-courts\/\"><em>A la ferme<\/em><\/a><\/p>\n<\/div>\n\n\n\n<div class=\"wp-block-uagb-column uagb-column__wrap uagb-column__background-undefined uagb-block-1661e7b3\"><div class=\"uagb-column__overlay\"><\/div>\n<p class=\"has-text-align-center\" style=\"font-size:15px\"><a href=\"http:\/\/bergeriedelasouleuvre.fr\/index.php\/sur-les-marches\/\"><em>Sur les march\u00e9s<\/em><\/a><\/p>\n<\/div>\n\n\n\n<div class=\"wp-block-uagb-column uagb-column__wrap uagb-column__background-undefined uagb-block-2508a534\"><div class=\"uagb-column__overlay\"><\/div>\n<p class=\"has-text-align-center\" style=\"font-size:15px\"><em><a href=\"http:\/\/bergeriedelasouleuvre.fr\/index.php\/en-amap-circuits-courts-proximite-producteur-acheteur-prix-juste\/\">En AMAP<\/a><\/em><\/p>\n<\/div>\n\n\n\n<div class=\"wp-block-uagb-column uagb-column__wrap uagb-column__background-undefined uagb-block-32d24c34\"><div class=\"uagb-column__overlay\"><\/div>\n<p class=\"has-text-align-center\" style=\"font-size:15px\"><a href=\"http:\/\/bergeriedelasouleuvre.fr\/index.php\/en-drive\/\"><em>Drive<\/em><\/a><\/p>\n<\/div>\n<\/div><\/section>\n\n\n\n<section class=\"wp-block-uagb-columns uagb-columns__wrap uagb-columns__background-none uagb-columns__stack-mobile uagb-columns__valign- uagb-columns__gap-10 align uagb-block-585c4680 uagb-columns__columns-3 uagb-columns__max_width-theme\"><div class=\"uagb-columns__overlay\"><\/div><div class=\"uagb-columns__inner-wrap uagb-columns__columns-3\">\n<div class=\"wp-block-uagb-column uagb-column__wrap uagb-column__background-undefined uagb-block-ea73928c\"><div class=\"uagb-column__overlay\"><\/div>\n<p class=\"has-text-align-center\" style=\"font-size:15px\"><em><a href=\"http:\/\/bergeriedelasouleuvre.fr\/index.php\/en-epicerie-de-producteurs-locaux\/\">En \u00e9piceries de producteurs<\/a><\/em><\/p>\n<\/div>\n\n\n\n<div class=\"wp-block-uagb-column uagb-column__wrap uagb-column__background-undefined uagb-block-67fa0ee4\"><div class=\"uagb-column__overlay\"><\/div>\n<p class=\"has-text-align-center\" style=\"font-size:15px\"><em><a href=\"http:\/\/bergeriedelasouleuvre.fr\/index.php\/dans-les-biocoop\/\">Dans les Biocoop<\/a><\/em><\/p>\n<\/div>\n\n\n\n<div class=\"wp-block-uagb-column uagb-column__wrap uagb-column__background-undefined uagb-block-a03bdd0a\"><div class=\"uagb-column__overlay\"><\/div>\n<p class=\"has-text-align-center\" style=\"font-size:15px\"><em><a href=\"http:\/\/bergeriedelasouleuvre.fr\/index.php\/en-fromagerie\/\">En Fromagerie<\/a><\/em><\/p>\n<\/div>\n<\/div><\/section>\n\n\n\n<p><\/p>\n","protected":false},"excerpt":{"rendered":"<p>Nous privil\u00e8gions essentiellement les circuits-courts pour distribuer nos produits. Vous pouvez nous retrouver \u00e0 la ferme, sur quelques march\u00e9s de la r\u00e9gion, en \u00e9piceries de &hellip; <\/p>\n","protected":false},"author":1,"featured_media":0,"parent":0,"menu_order":0,"comment_status":"closed","ping_status":"closed","template":"","meta":{"om_disable_all_campaigns":false,"_uag_custom_page_level_css":"","_monsterinsights_skip_tracking":false,"_monsterinsights_sitenote_active":false,"_monsterinsights_sitenote_note":"","_monsterinsights_sitenote_category":0,"footnotes":""},"class_list":["post-3990","page","type-page","status-publish","hentry","latest_post"],"yoast_head":"<!-- This site is optimized with the Yoast SEO plugin v27.6 - https:\/\/yoast.com\/product\/yoast-seo-wordpress\/ -->\n<title>Nos points de vente - Bergerie de la Souleuvre<\/title>\n<meta name=\"description\" content=\"Bergerie de la Souleuvre Bergerie de la Souleuvre Nos points de vente Nos points de vente vente produits fermiers\" \/>\n<meta name=\"robots\" content=\"index, follow, max-snippet:-1, max-image-preview:large, max-video-preview:-1\" \/>\n<link rel=\"canonical\" href=\"http:\/\/bergeriedelasouleuvre.fr\/index.php\/nos-points-de-vente\/\" \/>\n<meta property=\"og:locale\" content=\"fr_FR\" \/>\n<meta property=\"og:type\" content=\"article\" \/>\n<meta property=\"og:title\" content=\"Nos points de vente - Bergerie de la Souleuvre\" \/>\n<meta property=\"og:description\" content=\"Bergerie de la Souleuvre Bergerie de la Souleuvre Nos points de vente Nos points de vente vente produits fermiers\" \/>\n<meta property=\"og:url\" content=\"http:\/\/bergeriedelasouleuvre.fr\/index.php\/nos-points-de-vente\/\" \/>\n<meta property=\"og:site_name\" content=\"Bergerie de la Souleuvre\" \/>\n<meta property=\"article:modified_time\" content=\"2024-02-04T13:10:31+00:00\" \/>\n<meta property=\"og:image\" content=\"http:\/\/bergeriedelasouleuvre.fr\/wp-content\/uploads\/2022\/02\/sans-titre-10-1024x778.jpg\" \/>\n<meta name=\"twitter:card\" content=\"summary_large_image\" \/>\n<meta name=\"twitter:label1\" content=\"Dur\u00e9e de lecture estim\u00e9e\" \/>\n\t<meta name=\"twitter:data1\" content=\"1 minute\" \/>\n<script type=\"application\/ld+json\" class=\"yoast-schema-graph\">{\"@context\":\"https:\\\/\\\/schema.org\",\"@graph\":[{\"@type\":\"WebPage\",\"@id\":\"http:\\\/\\\/bergeriedelasouleuvre.fr\\\/index.php\\\/nos-points-de-vente\\\/\",\"url\":\"http:\\\/\\\/bergeriedelasouleuvre.fr\\\/index.php\\\/nos-points-de-vente\\\/\",\"name\":\"Nos points de vente - Bergerie de la Souleuvre\",\"isPartOf\":{\"@id\":\"http:\\\/\\\/bergeriedelasouleuvre.fr\\\/#website\"},\"primaryImageOfPage\":{\"@id\":\"http:\\\/\\\/bergeriedelasouleuvre.fr\\\/index.php\\\/nos-points-de-vente\\\/#primaryimage\"},\"image\":{\"@id\":\"http:\\\/\\\/bergeriedelasouleuvre.fr\\\/index.php\\\/nos-points-de-vente\\\/#primaryimage\"},\"thumbnailUrl\":\"http:\\\/\\\/bergeriedelasouleuvre.fr\\\/wp-content\\\/uploads\\\/2022\\\/02\\\/sans-titre-10-1024x778.jpg\",\"datePublished\":\"2022-02-15T13:33:08+00:00\",\"dateModified\":\"2024-02-04T13:10:31+00:00\",\"description\":\"Bergerie de la Souleuvre Bergerie de la Souleuvre Nos points de vente Nos points de vente vente produits fermiers\",\"breadcrumb\":{\"@id\":\"http:\\\/\\\/bergeriedelasouleuvre.fr\\\/index.php\\\/nos-points-de-vente\\\/#breadcrumb\"},\"inLanguage\":\"fr-FR\",\"potentialAction\":[{\"@type\":\"ReadAction\",\"target\":[\"http:\\\/\\\/bergeriedelasouleuvre.fr\\\/index.php\\\/nos-points-de-vente\\\/\"]}]},{\"@type\":\"ImageObject\",\"inLanguage\":\"fr-FR\",\"@id\":\"http:\\\/\\\/bergeriedelasouleuvre.fr\\\/index.php\\\/nos-points-de-vente\\\/#primaryimage\",\"url\":\"http:\\\/\\\/bergeriedelasouleuvre.fr\\\/wp-content\\\/uploads\\\/2022\\\/02\\\/sans-titre-10-1024x778.jpg\",\"contentUrl\":\"http:\\\/\\\/bergeriedelasouleuvre.fr\\\/wp-content\\\/uploads\\\/2022\\\/02\\\/sans-titre-10-1024x778.jpg\"},{\"@type\":\"BreadcrumbList\",\"@id\":\"http:\\\/\\\/bergeriedelasouleuvre.fr\\\/index.php\\\/nos-points-de-vente\\\/#breadcrumb\",\"itemListElement\":[{\"@type\":\"ListItem\",\"position\":1,\"name\":\"Accueil\",\"item\":\"http:\\\/\\\/bergeriedelasouleuvre.fr\\\/\"},{\"@type\":\"ListItem\",\"position\":2,\"name\":\"Nos points de vente\"}]},{\"@type\":\"WebSite\",\"@id\":\"http:\\\/\\\/bergeriedelasouleuvre.fr\\\/#website\",\"url\":\"http:\\\/\\\/bergeriedelasouleuvre.fr\\\/\",\"name\":\"Bergerie de la Souleuvre\",\"description\":\"Produits fermiers au lait de brebis\",\"publisher\":{\"@id\":\"http:\\\/\\\/bergeriedelasouleuvre.fr\\\/#organization\"},\"potentialAction\":[{\"@type\":\"SearchAction\",\"target\":{\"@type\":\"EntryPoint\",\"urlTemplate\":\"http:\\\/\\\/bergeriedelasouleuvre.fr\\\/?s={search_term_string}\"},\"query-input\":{\"@type\":\"PropertyValueSpecification\",\"valueRequired\":true,\"valueName\":\"search_term_string\"}}],\"inLanguage\":\"fr-FR\"},{\"@type\":\"Organization\",\"@id\":\"http:\\\/\\\/bergeriedelasouleuvre.fr\\\/#organization\",\"name\":\"Bergerie de la Souleuvre\",\"url\":\"http:\\\/\\\/bergeriedelasouleuvre.fr\\\/\",\"logo\":{\"@type\":\"ImageObject\",\"inLanguage\":\"fr-FR\",\"@id\":\"http:\\\/\\\/bergeriedelasouleuvre.fr\\\/#\\\/schema\\\/logo\\\/image\\\/\",\"url\":\"http:\\\/\\\/bergeriedelasouleuvre.fr\\\/wp-content\\\/uploads\\\/2022\\\/02\\\/cropped-cropped-logoPNG.png\",\"contentUrl\":\"http:\\\/\\\/bergeriedelasouleuvre.fr\\\/wp-content\\\/uploads\\\/2022\\\/02\\\/cropped-cropped-logoPNG.png\",\"width\":512,\"height\":512,\"caption\":\"Bergerie de la Souleuvre\"},\"image\":{\"@id\":\"http:\\\/\\\/bergeriedelasouleuvre.fr\\\/#\\\/schema\\\/logo\\\/image\\\/\"}}]}<\/script>\n<!-- \/ Yoast SEO plugin. -->","yoast_head_json":{"title":"Nos points de vente - Bergerie de la Souleuvre","description":"Bergerie de la Souleuvre Bergerie de la Souleuvre Nos points de vente Nos points de vente vente produits fermiers","robots":{"index":"index","follow":"follow","max-snippet":"max-snippet:-1","max-image-preview":"max-image-preview:large","max-video-preview":"max-video-preview:-1"},"canonical":"http:\/\/bergeriedelasouleuvre.fr\/index.php\/nos-points-de-vente\/","og_locale":"fr_FR","og_type":"article","og_title":"Nos points de vente - Bergerie de la Souleuvre","og_description":"Bergerie de la Souleuvre Bergerie de la Souleuvre Nos points de vente Nos points de vente vente produits fermiers","og_url":"http:\/\/bergeriedelasouleuvre.fr\/index.php\/nos-points-de-vente\/","og_site_name":"Bergerie de la Souleuvre","article_modified_time":"2024-02-04T13:10:31+00:00","og_image":[{"url":"http:\/\/bergeriedelasouleuvre.fr\/wp-content\/uploads\/2022\/02\/sans-titre-10-1024x778.jpg","type":"","width":"","height":""}],"twitter_card":"summary_large_image","twitter_misc":{"Dur\u00e9e de lecture estim\u00e9e":"1 minute"},"schema":{"@context":"https:\/\/schema.org","@graph":[{"@type":"WebPage","@id":"http:\/\/bergeriedelasouleuvre.fr\/index.php\/nos-points-de-vente\/","url":"http:\/\/bergeriedelasouleuvre.fr\/index.php\/nos-points-de-vente\/","name":"Nos points de vente - Bergerie de la Souleuvre","isPartOf":{"@id":"http:\/\/bergeriedelasouleuvre.fr\/#website"},"primaryImageOfPage":{"@id":"http:\/\/bergeriedelasouleuvre.fr\/index.php\/nos-points-de-vente\/#primaryimage"},"image":{"@id":"http:\/\/bergeriedelasouleuvre.fr\/index.php\/nos-points-de-vente\/#primaryimage"},"thumbnailUrl":"http:\/\/bergeriedelasouleuvre.fr\/wp-content\/uploads\/2022\/02\/sans-titre-10-1024x778.jpg","datePublished":"2022-02-15T13:33:08+00:00","dateModified":"2024-02-04T13:10:31+00:00","description":"Bergerie de la Souleuvre Bergerie de la Souleuvre Nos points de vente Nos points de vente vente produits fermiers","breadcrumb":{"@id":"http:\/\/bergeriedelasouleuvre.fr\/index.php\/nos-points-de-vente\/#breadcrumb"},"inLanguage":"fr-FR","potentialAction":[{"@type":"ReadAction","target":["http:\/\/bergeriedelasouleuvre.fr\/index.php\/nos-points-de-vente\/"]}]},{"@type":"ImageObject","inLanguage":"fr-FR","@id":"http:\/\/bergeriedelasouleuvre.fr\/index.php\/nos-points-de-vente\/#primaryimage","url":"http:\/\/bergeriedelasouleuvre.fr\/wp-content\/uploads\/2022\/02\/sans-titre-10-1024x778.jpg","contentUrl":"http:\/\/bergeriedelasouleuvre.fr\/wp-content\/uploads\/2022\/02\/sans-titre-10-1024x778.jpg"},{"@type":"BreadcrumbList","@id":"http:\/\/bergeriedelasouleuvre.fr\/index.php\/nos-points-de-vente\/#breadcrumb","itemListElement":[{"@type":"ListItem","position":1,"name":"Accueil","item":"http:\/\/bergeriedelasouleuvre.fr\/"},{"@type":"ListItem","position":2,"name":"Nos points de vente"}]},{"@type":"WebSite","@id":"http:\/\/bergeriedelasouleuvre.fr\/#website","url":"http:\/\/bergeriedelasouleuvre.fr\/","name":"Bergerie de la Souleuvre","description":"Produits fermiers au lait de brebis","publisher":{"@id":"http:\/\/bergeriedelasouleuvre.fr\/#organization"},"potentialAction":[{"@type":"SearchAction","target":{"@type":"EntryPoint","urlTemplate":"http:\/\/bergeriedelasouleuvre.fr\/?s={search_term_string}"},"query-input":{"@type":"PropertyValueSpecification","valueRequired":true,"valueName":"search_term_string"}}],"inLanguage":"fr-FR"},{"@type":"Organization","@id":"http:\/\/bergeriedelasouleuvre.fr\/#organization","name":"Bergerie de la Souleuvre","url":"http:\/\/bergeriedelasouleuvre.fr\/","logo":{"@type":"ImageObject","inLanguage":"fr-FR","@id":"http:\/\/bergeriedelasouleuvre.fr\/#\/schema\/logo\/image\/","url":"http:\/\/bergeriedelasouleuvre.fr\/wp-content\/uploads\/2022\/02\/cropped-cropped-logoPNG.png","contentUrl":"http:\/\/bergeriedelasouleuvre.fr\/wp-content\/uploads\/2022\/02\/cropped-cropped-logoPNG.png","width":512,"height":512,"caption":"Bergerie de la Souleuvre"},"image":{"@id":"http:\/\/bergeriedelasouleuvre.fr\/#\/schema\/logo\/image\/"}}]}},"uagb_featured_image_src":{"full":false,"thumbnail":false,"medium":false,"medium_large":false,"large":false,"1536x1536":false,"2048x2048":false,"chic-lite-schema":false,"chic-lite-slider":false,"chic-lite-slider-one":false,"chic-lite-featured-four":false,"chic-lite-blog":false,"chic-lite-latest":false,"chic-lite-blog-one":false,"chic-lite-sidebar":false,"woocommerce_thumbnail":false,"woocommerce_single":false,"woocommerce_gallery_thumbnail":false},"uagb_author_info":{"display_name":"bergeriedelasouleuvre@gmail.com","author_link":"http:\/\/bergeriedelasouleuvre.fr\/index.php\/author\/bergeriedelasouleuvregmail-com\/"},"uagb_comment_info":0,"uagb_excerpt":"Nous privil\u00e8gions essentiellement les circuits-courts pour distribuer nos produits. Vous pouvez nous retrouver \u00e0 la ferme, sur quelques march\u00e9s de la r\u00e9gion, en \u00e9piceries de &hellip;","_links":{"self":[{"href":"http:\/\/bergeriedelasouleuvre.fr\/index.php\/wp-json\/wp\/v2\/pages\/3990","targetHints":{"allow":["GET"]}}],"collection":[{"href":"http:\/\/bergeriedelasouleuvre.fr\/index.php\/wp-json\/wp\/v2\/pages"}],"about":[{"href":"http:\/\/bergeriedelasouleuvre.fr\/index.php\/wp-json\/wp\/v2\/types\/page"}],"author":[{"embeddable":true,"href":"http:\/\/bergeriedelasouleuvre.fr\/index.php\/wp-json\/wp\/v2\/users\/1"}],"replies":[{"embeddable":true,"href":"http:\/\/bergeriedelasouleuvre.fr\/index.php\/wp-json\/wp\/v2\/comments?post=3990"}],"version-history":[{"count":14,"href":"http:\/\/bergeriedelasouleuvre.fr\/index.php\/wp-json\/wp\/v2\/pages\/3990\/revisions"}],"predecessor-version":[{"id":4615,"href":"http:\/\/bergeriedelasouleuvre.fr\/index.php\/wp-json\/wp\/v2\/pages\/3990\/revisions\/4615"}],"wp:attachment":[{"href":"http:\/\/bergeriedelasouleuvre.fr\/index.php\/wp-json\/wp\/v2\/media?parent=3990"}],"curies":[{"name":"wp","href":"https:\/\/api.w.org\/{rel}","templated":true}]}}